{"id":40,"date":"2020-06-20T12:23:21","date_gmt":"2020-06-20T12:23:21","guid":{"rendered":"https:\/\/clinicapinhaisdafoz.com\/?page_id=40"},"modified":"2020-10-22T17:07:27","modified_gmt":"2020-10-22T17:07:27","slug":"principal","status":"publish","type":"page","link":"https:\/\/clinicapinhaisdafoz.com\/","title":{"rendered":"Principal"},"content":{"rendered":"<ul>\n<li>\n<p>        <img decoding=\"async\" src=\"\/wp-content\/uploads\/2020\/06\/mulher.png\" alt=\"\"><\/p>\n<h3>Volte a ter confian\u00e7a em si.<\/h3>\n<div>\n<p>Quando uma parte de n\u00f3s se encontra aqu\u00e9m do que gostar\u00edamos, tal ter\u00e1, indiscutivelmente, um peso negativo no nosso dia-a-dia.<\/p>\n<p>\u00c9 sabido que uma boca cuidada e saud\u00e1vel \u00e9 portadora de benef\u00edcios n\u00e3o s\u00f3 do ponto de vista do <strong>bem-estar f\u00edsico<\/strong>, mas principalmente, do ponto de vista do <strong>bem-estar psicol\u00f3gico<\/strong>.<\/p>\n<p>Ainda mais que para fins est\u00e9ticos, a sa\u00fade oral poder\u00e1 reflectir-se em melhorias significativas em muitas outras vertentes, nomeadamente em tarefas t\u00e3o b\u00e1sicas e t\u00e3o fundamentais para o nosso bem-estar di\u00e1rio, como a mastiga\u00e7\u00e3o, a fala, a respira\u00e7\u00e3o, entre outros.<\/p>\n<p>Assim, e de forma a que possamos <strong>viver confortavelmente<\/strong>, torna-se fundamental um acompanhamento m\u00e9dico adequado e profissional, no \u00e2mbito da Medicina Dent\u00e1ria, e a <u>Cl\u00ednica M\u00e9dica e Dent\u00e1ria Pinhais da Foz<\/u>, encontra-se inteiramente \u00e0 sua disposi\u00e7\u00e3o.<\/p>\n<\/div>\n<\/li>\n<li>\n<p>        <img decoding=\"async\" src=\"\/wp-content\/uploads\/2020\/10\/34396872_10156557645927722_1700052350447648768_o.jpg\" alt=\"\"><\/p>\n<\/li>\n<li>\n<p>        <img decoding=\"async\" src=\"\/wp-content\/uploads\/2020\/10\/girls-with-eye-makeup_494-scaled.jpg\" alt=\"\"><\/p>\n<h3>Cl\u00ednica M\u00e9dica e Dent\u00e1ria dos Pinhais da Foz<\/h3>\n<\/li>\n<\/ul>\n<div>\n<p>Poder\u00e1 agendar a sua consulta com a nossa Cl\u00ednica. O agendamento carece de aprecia\u00e7\u00e3o. De maneira a manter a agenda em dia e servir o cliente melhor poss\u00edvel.<\/p>\n<\/div>\n<p>\n    <a href=\"\/index.php?page_id=665\">Marcar Consulta<\/a>\n<\/p>\n<div>\n<p>A sua consulta ser\u00e1 aceite ap\u00f3s confirma\u00e7\u00e3o com a nossa assistente, de maneira a que a marca\u00e7\u00e3o seja validada.<\/p>\n<p>Receber\u00e1 um contato nosso ap\u00f3s an\u00e1lise.<\/p>\n<\/div>\n<p><!-- {\"type\":\"layout\",\"children\":[{\"type\":\"section\",\"props\":{\"style\":\"muted\",\"width\":\"\",\"vertical_align\":\"\",\"title_position\":\"top-left\",\"title_rotation\":\"left\",\"title_breakpoint\":\"xl\",\"image_position\":\"center-center\",\"padding\":\"none\",\"image\":\"\",\"preserve_color\":false,\"overlap\":true},\"children\":[{\"type\":\"row\",\"children\":[{\"type\":\"column\",\"props\":{\"image_position\":\"center-center\",\"media_overlay_gradient\":\"\",\"width_medium\":\"\"},\"children\":[{\"type\":\"slideshow\",\"props\":{\"show_title\":true,\"show_meta\":true,\"show_content\":true,\"show_link\":true,\"show_thumbnail\":true,\"slideshow_min_height\":\"300\",\"slideshow_autoplay_pause\":true,\"nav\":\"dotnav\",\"nav_position\":\"bottom-center\",\"nav_position_margin\":\"medium\",\"nav_align\":\"center\",\"nav_breakpoint\":\"s\",\"thumbnav_width\":\"100\",\"thumbnav_height\":\"75\",\"thumbnav_svg_color\":\"emphasis\",\"slidenav\":\"default\",\"slidenav_margin\":\"medium\",\"slidenav_breakpoint\":\"s\",\"slidenav_outside_breakpoint\":\"xl\",\"overlay_position\":\"center-left\",\"overlay_animation\":\"parallax\",\"title_element\":\"h3\",\"meta_style\":\"\",\"meta_align\":\"below-title\",\"link_text\":\"Read more\",\"link_style\":\"default\",\"margin\":\"default\",\"slideshow_height\":\"\",\"text_color\":\"dark\",\"slideshow_box_decoration\":\"\",\"slideshow_kenburns\":\"\",\"nav_vertical\":false,\"nav_below\":false,\"slidenav_hover\":false,\"overlay_container\":\"small\",\"title_style\":\"h1\",\"title_font_family\":\"secondary\",\"slideshow_velocity\":\"2\",\"slideshow_autoplay\":true},\"children\":[{\"type\":\"slideshow_item\",\"props\":{\"title\":\"Volte a ter confian\\u00e7a em si.\",\"image\":\"wp-content\\\/uploads\\\/2020\\\/06\\\/mulher.png\",\"image_alt\":\"\",\"content\":\"\n\n<p>Quando uma parte de n\\u00f3s se encontra aqu\\u00e9m do que gostar\\u00edamos, tal ter\\u00e1, indiscutivelmente, um peso negativo no nosso dia-a-dia.<\\\/p>\\n\n\n<p>\\u00c9 sabido que uma boca cuidada e saud\\u00e1vel \\u00e9 portadora de benef\\u00edcios n\\u00e3o s\\u00f3 do ponto de vista do <strong>bem-estar f\\u00edsico<\\\/strong>, mas principalmente, do ponto de vista do <strong>bem-estar psicol\\u00f3gico<\\\/strong>.<\\\/p>\\n\n\n<p>Ainda mais que para fins est\\u00e9ticos, a sa\\u00fade oral poder\\u00e1 reflectir-se em melhorias significativas em muitas outras vertentes, nomeadamente em tarefas t\\u00e3o b\\u00e1sicas e t\\u00e3o fundamentais para o nosso bem-estar di\\u00e1rio, como a mastiga\\u00e7\\u00e3o, a fala, a respira\\u00e7\\u00e3o, entre outros.<\\\/p>\\n\n\n<p>Assim, e de forma a que possamos <strong>viver confortavelmente<\\\/strong>, torna-se fundamental um acompanhamento m\\u00e9dico adequado e profissional, no \\u00e2mbito da Medicina Dent\\u00e1ria, e a <u>Cl\\u00ednica M\\u00e9dica e Dent\\u00e1ria Pinhais da Foz<\\\/u>, encontra-se inteiramente \\u00e0 sua disposi\\u00e7\\u00e3o.<\\\/p>\"}},{\"type\":\"slideshow_item\",\"props\":{\"image\":\"wp-content\\\/uploads\\\/2020\\\/10\\\/34396872_10156557645927722_1700052350447648768_o.jpg\"}},{\"type\":\"slideshow_item\",\"props\":{\"image\":\"wp-content\\\/uploads\\\/2020\\\/10\\\/girls-with-eye-makeup_494-scaled.jpg\",\"title\":\"Cl\\u00ednica M\\u00e9dica e Dent\\u00e1ria dos Pinhais da Foz\"}}]}]}]}]},{\"type\":\"section\",\"props\":{\"style\":\"default\",\"width\":\"default\",\"vertical_align\":\"middle\",\"title_position\":\"top-left\",\"title_rotation\":\"left\",\"title_breakpoint\":\"xl\",\"image_position\":\"center-center\"},\"children\":[{\"type\":\"row\",\"props\":{\"layout\":\"1-2,1-2\"},\"children\":[{\"type\":\"column\",\"props\":{\"image_position\":\"center-center\",\"media_overlay_gradient\":\"\",\"width_medium\":\"1-2\"},\"children\":[{\"type\":\"text\",\"props\":{\"margin\":\"default\",\"column_breakpoint\":\"m\",\"content\":\"\n\n<p>Poder\\u00e1 agendar a sua consulta com a nossa Cl\\u00ednica. O agendamento carece de aprecia\\u00e7\\u00e3o. De maneira a manter a agenda em dia e servir o cliente melhor poss\\u00edvel.<\\\/p>\"}}]},{\"type\":\"column\",\"props\":{\"image_position\":\"center-center\",\"media_overlay_gradient\":\"\",\"width_medium\":\"1-2\"},\"children\":[{\"type\":\"button\",\"props\":{\"grid_column_gap\":\"\",\"grid_row_gap\":\"small\",\"margin\":\"default\",\"button_size\":\"large\",\"fullwidth\":true,\"text_align\":\"center\",\"margin_remove_bottom\":false,\"margin_remove_top\":false},\"children\":[{\"type\":\"button_item\",\"props\":{\"button_style\":\"primary\",\"icon_align\":\"left\",\"link_title\":\"Marcar Consulta\",\"link\":\"index.php?page_id=665\",\"status\":\"\",\"content\":\"Marcar Consulta\",\"lightbox_width\":\"\",\"lightbox_height\":\"\",\"icon\":\"calendar\"}}],\"name\":\"Marcar Consulta\"},{\"type\":\"text\",\"props\":{\"margin\":\"default\",\"column_breakpoint\":\"m\",\"content\":\"\n\n<p>A sua consulta ser\\u00e1 aceite ap\\u00f3s confirma\\u00e7\\u00e3o com a nossa assistente, de maneira a que a marca\\u00e7\\u00e3o seja validada.<\\\/p>\\n\n\n<p>Receber\\u00e1 um contato nosso ap\\u00f3s an\\u00e1lise.<\\\/p>\"}}]}]}]},{\"type\":\"section\",\"props\":{\"style\":\"default\",\"width\":\"default\",\"vertical_align\":\"middle\",\"title_position\":\"top-left\",\"title_rotation\":\"left\",\"title_breakpoint\":\"xl\",\"image_position\":\"center-center\"},\"children\":[{\"type\":\"row\",\"children\":[{\"type\":\"column\",\"props\":{\"image_position\":\"center-center\",\"media_overlay_gradient\":\"\"},\"children\":[]}]}]}],\"version\":\"2.1.1\"} --><\/p>\n","protected":false},"excerpt":{"rendered":"<p>Volte a ter confian\u00e7a em si. Quando uma parte de n\u00f3s se encontra aqu\u00e9m do que gostar\u00edamos, tal ter\u00e1, indiscutivelmente, um peso negativo no nosso dia-a-dia. \u00c9 sabido que uma boca cuidada e saud\u00e1vel \u00e9 portadora de benef\u00edcios n\u00e3o s\u00f3 do ponto de vista do bem-estar f\u00edsico, mas principalmente, do ponto de vista do bem-estar [&hellip;]<\/p>\n","protected":false},"author":1,"featured_media":0,"parent":0,"menu_order":0,"comment_status":"closed","ping_status":"closed","template":"","meta":{"footnotes":""},"_links":{"self":[{"href":"https:\/\/clinicapinhaisdafoz.com\/index.php?rest_route=\/wp\/v2\/pages\/40"}],"collection":[{"href":"https:\/\/clinicapinhaisdafoz.com\/index.php?rest_route=\/wp\/v2\/pages"}],"about":[{"href":"https:\/\/clinicapinhaisdafoz.com\/index.php?rest_route=\/wp\/v2\/types\/page"}],"author":[{"embeddable":true,"href":"https:\/\/clinicapinhaisdafoz.com\/index.php?rest_route=\/wp\/v2\/users\/1"}],"replies":[{"embeddable":true,"href":"https:\/\/clinicapinhaisdafoz.com\/index.php?rest_route=%2Fwp%2Fv2%2Fcomments&post=40"}],"version-history":[{"count":164,"href":"https:\/\/clinicapinhaisdafoz.com\/index.php?rest_route=\/wp\/v2\/pages\/40\/revisions"}],"predecessor-version":[{"id":1074,"href":"https:\/\/clinicapinhaisdafoz.com\/index.php?rest_route=\/wp\/v2\/pages\/40\/revisions\/1074"}],"wp:attachment":[{"href":"https:\/\/clinicapinhaisdafoz.com\/index.php?rest_route=%2Fwp%2Fv2%2Fmedia&parent=40"}],"curies":[{"name":"wp","href":"https:\/\/api.w.org\/{rel}","templated":true}]}}